 5) - (-3 + 1).
-5
Evaluate (-8 - -4 - -2) + 0 + -2.
-4
What is 0 + -5 - (-11 + (-2 - -8))?
0
Calculate (-4 - 4) + (-6 - -17).
3
Evaluate -5 + (-2 - -1) + 1 - 2.
-7
Calculate -4 + 4 - 0 - (0 + -5).
5
(-3 - (-7 - -2)) + 1
3
Evaluate 4 + (3 + -8 - 3).
-4
1 + -1 + (1 - -2) + -3
0
Evaluate -4 + -1 - (6 + -7).
-4
9 - 6 - (1 + -3)
5
Calculate 6 - 1 - (5 + -5).
5
What is -3 + 1 - (-2 + 1 - 2)?
1
What is 0 + (12 - 6) + (-2 - 1)?
3
1 + 1 - (-1 + 3)
0
Calculate (-1 - 2) + (5 - 2).
0
What is the value of -1 + 6 - (1 + 3) - -1?
2
What is the value of (12 - 21) + -2 + 13?
2
What is the value of (-2 - -14) + -5 - 8 - 0?
-1
What is the value of 5 - (3 - 3) - 5?
0
-31 - -36 - (1 + 8)
-4
Calculate -5 - (-2 - (-6 + 6 + -3)).
-6
Calculate -2 - 0 - -5 - (-15 - -19).
-1
What is -3 + -6 - -9 - 2?
-2
8 - (9 - (6 + -6))
-1
-8 + 5 - (1 - 3 - -4)
-5
Calculate -1 + 3 - (29 - 27).
0
Evaluate -1 - (-5 + (-2 - -3)) - 2.
1
What is 41 - 46 - (1 + -4)?
-2
What is 6 - 2 - (-7 + (0 - -7))?
4
What is the value of 0 + -1 + -3 - -2?
-2
What is the value of 1 + -1 + -3 + -10 + 12?
-1
-10 + 22 + -25 + 12
-1
What is the value of -8 + (9 - (-5 - -10))?
-4
What is -11 + (5 - -9) - -1?
4
Evaluate -3 - (-8 - (3 - 6)).
2
What is the value of (-7 - -7) + (-10 - -3 - -1)?
-6
Evaluate 18 - ((7 - -4) + -3).
10
Calculate (4 - -2) + (-5 + -6 - 0).
-5
Evaluate 85 - 90 - (1 + -12).
6
What is the value of -7 + 1 + -4 + 12?
2
-8 - (-1 - 3) - -1
-3
Calculate -9 - -2 - (4 + -10 + 3).
-4
What is 15 + -9 + (-5 + 0 - -7)?
8
(11 - 17) + (0 - -4)
-2
What is the value of (4 - 2 - 1) + 9 + -14?
-4
What is (-2 + -1 + 1 - -3) + -2?
-1
Evaluate -5 - -1 - (16 + -28 + 7).
1
What is the value of -12 - (-17 + (11 - 0))?
-6
What is 1 + -7 + 6 + -2 + 7?
5
Evaluate (2 - 1 - (32 - 34)) + 2.
5
-6 + -2 + (4 - -1)
-3
12 + 5 + (3 - 13)
7
What is the value of (4 - 4) + (1 - -1)?
2
What is 2 + -4 - (19 - 20)?
-1
Calculate (5 - 0 - 11) + -4 + 10.
0
What is 7 + (2 + -3 - 3 - -2)?
5
What is the value of 3 + -4 - 4 - -2?
-3
What is the value of 0 - (3 + -3 + 2)?
-2
Evaluate 1 + 2 - (-28 + 26).
5
Calculate -8 + 4 + (-2 - -1).
-5
Evaluate (-12 + 18 - 13) + 12.
5
What is the value of (-1 - 1) + 0 - (-2 + 3)?
-3
Evaluate (-1 - 2) + (9 - (-9 + 13)).
2
What is -2 + (4 - 10) + 11?
3
Calculate 2 + 0 + (-1 - -2).
3
Calculate (7 - 4) + 4 + -4 + -1.
2
(-20 - -10 - 6) + (7 - 0)
-9
What is (-9 - (-27 - -7)) + -6?
5
Evaluate -2 - (0 - (7 + -9)) - -4.
0
What is the value of (1 + -4 - -4) + -3?
-2
Calculate -8 - ((18 - 11) + -4 + -4).
-7
What is the value of 2 - ((-2 - -4) + -1)?
1
What is the value of (-2 - (-3 - -3)) + 0 + 2?
0
Calculate -5 + 1 + 3 - (-4 - -1).
2
What is 4 + (4 - 0) + -6?
2
What is -7 - ((-1 - -7) + -15)?
2
What is the value of 4 + -3 + (8 - 11)?
-2
-3 - (-5 - (-5 - -1))
-2
What is the value of (3 - 1) + -150 + 152?
4
What is the value of (-1 - 1) + 8 + -10 + -2?
-6
Calculate -5 + 0 - (1 - (-12 + 26)).
8
What is -2 + (-4 - (-8 + 0))?
2
Calculate 8 + (-4 - 1) + 0.
3
What is 20 - 17 - (2 + 1) - 8?
-8
Evaluate 2 + (-14 - 1) - -8.
-5
Calculate -30 - -32 - (2 - (-1 - -3)).
2
What is the value of 10 - (12 + -9 + 9)?
-2
What is 0 + 5 + -6 - 5?
-6
Evaluate 4 - (4 + (-12 - -10)).
2
Calculate -1 + 2 + -4 - -7.
4
What is 13 + (-3 + 1 - 5)?
6
What is the value of (-29 - -28) + (3 - 2) - -6?
6
-8 - ((-2 - -4) + (26 - 46))
10
Evaluate -1 + 4 - (-4 + 6 + -1).
2
Calculate 7 - (-1 - -7 - 4).
5
Calculate 4 - 8 - 0 - 1.
-5
Evaluate -10 + 1 + -2 + 5.
-6
1 + 0 - (-20 + 27 + -1)
-5
What is the value of (10 - (4 + 7)) + -7?
-8
What is the value of 1 - (1 - -4) - -5?
1
0 + -4 + 3 - 0
-1
(-6 - (2 - (-8 - -12))) + 8
4
What is -3 - (-1 + (-3 - -2)) - 2?
-3
What is -1 + (12 - 14 - (1 - 4))?
0
What is -29 + 38 - (2 - -2)?
5
What is 0 + 3 + -2 + 1 + -3?
-1
What is -3 - (-5 + -4) - (-1 + 0)?
7
What is 0 - (1 - (2 + 0) - 5)?
6
Evaluate (1 + -4 - -1 - 1) + -2.
-5
What is 14 - (10 + -15 + 20)?
-1
-9 - (14 + -7 + -11)
-5
Calculate -5 + 3 + 7 + (-13 - -8).
0
Calculate -9 - 0 - (-18 - -6).
3
1 - -5 - (4 - 1 - 0)
3
-5 + 12 + (-3 - 1)
3
What is the value of (9 - 5) + -2 + -6?
-4
Evaluate -6 - (-4 + (2 - 5)).
1
0 + -3 + -2 + 8 + -1
2
What is 0 - ((-1 - -6) + -2 - 1)?
-2
What is (2 - 2) + -6 + 1 + 10?
5
16 - 4 - (25 + -5)
-8
-1 - (-3 + 4 + -2)
0
Calculate -2 + 14 + -5 + -4.
3
Calculate 12 + -7 - (9 - -1).
-5
What is (-7 - (-3 + 3)) + 2?
-5
Evaluate -1 + (-3 + 2 - -3) - 4.
-3
(-1 - -7 - 20) + 3
-11
What is the value of 2 - -6 - -3 - 5?
6
What is the value of -4 + (5 - (-3 - -4)) + -7?
-7
Calculate 6 - (6 + -7 - 2).
9
What is -2 + -3 + 0 + 5 + 3?
3
Calculate (3 - (4 - 5 - 1)) + -6.
-1
Calculate 3 - (2 + -3 + 9).
-5
What is the value of 2 - 2 - 4 - (-9 - 0)?
5
Calculate -11 - -1 - (-131 - -121).
0
What is (-6 - -6 - 0) + 1 + -1?
0
Evaluate -6 - (7 - (15 - 13)).
-11
Evaluate 3 - (11 + -11 + 9).
-6
21 + -21 + (1 - -2)
3
Evaluate 0 + (1 + -5 - 1).
-5
Evaluate -19 + 14 - -17 - 3.
9
Calculate 6 - (-2 - (-1 + -5)).
2
Evaluate 7 - (5 - -6) - (-6 - 3).
5
Calculate -5 + (4 - 2) + 5.
2
-3 + (4 - 2) + 4 + 3
6
What is (-1 - 1) + 1 + (-10 - -14)?
3
What is the value of 34 + -28 + 0 + -8?
-2
Calculate -2 - (2 - 4) - -1.
1
1 + 7 + (13 - 5 - 8)
8
Calculate (0 + -4 - (41 + -45)) + 2.
2
What is 14 + -12 + (-8 - 0 - -1)?
-5
Evaluate -5 + -13 - (-19 + 8).
-7
What is 2 + (-1 - (0 + -4))?
5
Calculate -1 + 4 + (0 - -2 - 7).
-2
Evaluate 6 + 0 + -8 + 4.
2
(-2 - -8 - (29 - 30)) + -2
5
What is the value of 5 + (0 - (3 + 2))?
0
What is the value of 2 - ((1 - 5) + (-4 - -7))?
3
Calculate 4 + -8 - -3 - (-1 + 5).
-5
What is -4 - (-1 + -2 + -11 + 11)?
-1
What is the value of 11 + 1 + -5 - 16?
-9
Evaluate 13 - 24 - (-15 - -4).
0
Evaluate -3 + 6 - 15 - (-5 + 0).
-7
What is (2 - 12 - -1) + 6?
-3
What is -26 + 15 + (1 - -4)?
-6
Calculate (-5 - 5) + 14 + 3.
7
6 - (-3 + (10 - 5)) - 7
-3
Calculate 1 - (2 - (3 + -3 + 2)).
1
What is the value of -7 - ((-2 - 20) + 10)?
5
2 - (-5 + 2 - -5)
0
Calculate -1 - (4 + -2 + -4).
1
What is -143 - -145 - (-1 + (0 - 1))?
4
-3 + 1 - 1 - (-1 - 3)
1
What is the value of -4 + (5 - 2) + 37 + -33?
3
What is 0 + (10 + -7 - -1)?
4
What is -27 - (-18 - -3) - -2?
-10
Evaluate -9 + 11 + 1 + -7.
-4
What is the value of -2 + (-4 - -3) - (-13 + 7)?
3
3 - ((0 - -1) + -1 + 0)
3
What is 0 + (3 - (3 + (-3 - -5)))?
-2
What is the value of 5 + -2 + -7 + 4?
0
Evaluate (3 - 11) + 1 - -2 - -3.
-2
Calculate -8 + 0 - (-16 + 15).
-7
Calculate -6 + 3 + (9 - 1).
5
What is (18 - 12) + (0 - 1)?
5
Calculate -128 - -141 - (12 + -1).
2
What is the value of 1 + -4 + (10 - 10)?
-3
290 + -295 + (2 - 1) + -1
-5
What is (3 - ((10 - 5) + -3)) + 4?
5
What is the value of -5 + 21 - (0 - -12)?
4
Evaluate (8 - 0) + -16 - -9.
1
Calculate (2 - -9) + -7 + -3.
1
What is the value of -20 - -15 - (-8 - 1) - 7?
-3
4 + -1 + -1 + (0 - 3)
-1
Evaluate (-8 - -5 - 2) + (3 - 2).
-4
25 + -19 + (-3 + -5 - 4)
-6
-10 + -1 - (111 + -118)
-4
Evaluate 3 + (11 - 12 - (1 + 0)).
1
What is -7 + 14 + (-3 - 9)?
-5
2 + ((6 - 3) + -8 - -1)
-2
What is (3 - 9 - 2) + 12?
4
22 + -24 - (4 + -11)
5
Evaluate (13 - 11) + (1 - -1) - 7.
-3
Calculate -9 + 14 + -9 - -1.
-3
-2 + -2 + 7 + -6
-3
Evaluate 1 - 11 - -3 - -2.
-5
Calculate 1 + (-4 - -2) + -4.
-5
Calculate -2 + 2 + 1 + (-34 - -37).
4
What is the value of -1 + (7 - (7 + 3)) - 3?
-7
(-1 - -3) + 2 - (-72 - -76)
0
What is the value of 5 + -9 - (1 - 1)?
-4
Calculate 2 + 1 + (21 - 45) + 27.
6
-2 + 2 + 2 + -58 + 54
-2
Calculate (0 - (2 - (0 + 1))) + 2.
1
What is 0 - -1 - -2 - (15 + -8)?
-4
3 - 1 - (0 + (1 - 1))
2
1 - 4 - (-7 + (5 - 0))
-1
7 - (3 - (0 + 3)) - 3
4
What is the value of (-5 - -12 - 6) + 4 + -2?
3
Calculate (1 - 3) + -4 + 5.
-1
What is 6 - (-2 - (-17 - -8))?
-1
What is the value of 3 - 12 - 1 - -4 - -2?
-4
Evaluate 1 - (2 + (0 - 2)).
1
What is the value of -1 - (14 + -5 + -4)?
-6
What is (-2 + (4 - 5) - 1) + 7?
3
-10 - (23 + -22 - (4 + -2))
-9
Evaluate 21 + -16 + (0 - -1) + -3.
3
Calculate 3 - (-3 + (3 - 2) - -2).
3
Calculate 6 - (8 - 3) - 9 - -3.
-5
What is -8 - (-5 - ((3 - 8) + 0))?
-8
What is 1 - 11 - (9 + -16 - -6)?
-9
-7 - (4 + (4 - 10))
-5
What is the value of (5 - (-3 + 2)) + (-29 - -19)?
-4
What is the value of -1 - (8 - (1 + 2 - -4))?
-2
Evaluate -2 + 10 + (0 - 0).
8
What is the value of 0 - (14 + -12 - 3)?
1
Calculate (1 - 8) + -1 + 5.
-3
What is the value of -23 - -23 - (-1 